nd x?
17
Let h = 92 - 52. Calculate the greatest common divisor of 10 and h.
10
Suppose -g + 66 = 2*g. Let t be 77/21*1*15. Calculate the highest common factor of t and g.
11
Let l be 33 + -1*(2 - 1). Suppose 5*k = 3*k + l. Let w = k + -8. Calculate the greatest common divisor of 72 and w.
8
Suppose 7 = 5*b - 4*u, 4*u - u - 18 = -4*b. Suppose -b*r + 0 = -9. Calculate the greatest common factor of 21 and r.
3
Let c = -32 - -56. Calculate the highest common factor of c and 72.
24
Suppose -6*x - 8 = -20. What is the highest common divisor of 3 and x?
1
Suppose 4*f + f - 35 = 0. Let q be 2/((-16)/36)*28/(-6). What is the highest common divisor of f and q?
7
Suppose -5*b + 156 = 3*n, -n - n + 4 = 0. What is the greatest common factor of b and 20?
10
Let g be -1 + (6 - 1/1). Suppose -5*o + 416 = -g*k - 12, -2*o + 5*k + 178 = 0. What is the greatest common factor of o and 12?
12
Suppose -4*r + 5*r - 11 = 0. What is the highest common factor of 11 and r?
11
Let y(o) be the third derivative of -o**2 + 0 - 11/24*o**4 + 1/3*o**3 + 0*o. Let i be y(-3). What is the greatest common factor of i and 14?
7
Let y = 197 - 137. Let v be 2/8 + y/16. Let t be -3 - (-30)/(v + -2). What is the greatest common divisor of 108 and t?
12
Suppose -16 = -4*z + 16. Calculate the highest common factor of 16 and z.
8
Let x(v) = v**3 + v**2 - 4*v. Let z be x(3). Calculate the greatest common divisor of z and 16.
8
Suppose -5*y + 180 = -2*y. Suppose 2*s - y = -3*w, -2*w - 3*s + 63 = w. Suppose c = -c - 8, 4*l - 12 = -3*c. What is the highest common divisor of l and w?
6
Suppose 6*t = 8*t - 144. Calculate the highest common factor of 48 and t.
24
Let a be -21*(-1 + -2 + 2). What is the highest common factor of 168 and a?
21
Suppose 0 = -2*z + 6 + 2. Let w(y) be the first derivative of y**3/3 - 3*y**2 - 6*y + 1. Let m be w(8). Calculate the greatest common divisor of m and z.
2
Let q be ((-4)/(-18))/((-32)/(-144)). What is the greatest common divisor of 3 and q?
1
Suppose -5*i = 4*g + 1170, 6*g + 3*i = g - 1469. Let k = -199 - g. Calculate the greatest common divisor of k and 24.
24
Let z be 2/(-6) + 155/15. Suppose -3*t = -8*t + z. Calculate the highest common factor of 8 and t.
2
Let j = -5 - -16. What is the highest common factor of j and 99?
11
Suppose 7 + 17 = 4*y. Let w be y*5*(-2)/(-6). Calculate the greatest common divisor of 90 and w.
10
Suppose 5*o = -5*l + 185, 30 = -3*o + 3*l + 159. Suppose 3*v - o = -2*v. Calculate the greatest common divisor of 1 and v.
1
Let s = 12 - 9. What is the greatest common divisor of 33 and s?
3
Let b = 126 + -71. Suppose 2*s - 11 = s. Calculate the greatest common factor of b and s.
11
Let s be 228/10*10/4. What is the highest common divisor of s and 38?
19
Let s = -3 - 0. Let g = 7 + s. Let r(j) = 7*j**2 - 6*j + 3. Let v be r(g). Calculate the greatest common divisor of 13 and v.
13
Let a = -7 - -15. Let m(c) = c**2 - 7*c - 5. Let p be m(a). What is the greatest common divisor of 3 and p?
3
Suppose -7 = -4*q + 21. Let r(d) = 2*d**2 - d - 7. Let u be r(q). What is the highest common divisor of 21 and u?
21
Let a = 51 - -6. Let t be (-1)/2 + a/6. Suppose -d + 35 = 5*c, 5*c + 0 = 4*d + 10. What is the greatest common divisor of t and c?
3
Let v(k) = k - 3. Let m be v(10). Let n be 0 - (-4 + (-3)/(-1)). What is the highest common factor of m and n?
1
Let j be 6/(-4) - (-14)/4. Suppose -j*h = -a - 12 + 3, -4*h - 4*a + 48 = 0. What is the greatest common divisor of h and 7?
7
Let h be 24/(-2)*4/(-8). Let x = -49 + 31. Let n be 1/6 - 51/x. Calculate the greatest common factor of n and h.
3
Let i(g) = g + 5. Let p be i(-5). Let b = p + 18. Let l be 12/4*b*1. Calculate the highest common divisor of l and 6.
6
Let f = -37 - -45. What is the greatest common factor of 1 and f?
1
Suppose 0*f + 2*f = -5*x, 0 = 5*x. Suppose 4*w - 8 = -f*w. Let o be (-660)/(-4)*w/3. What is the greatest common factor of o and 10?
10
Suppose 0 = -2*k + 4*a + 130, -6*a = -4*k - 4*a + 254. Let b be 18/k + (-528)/(-14). Let p = b - 24. What is the highest common factor of 21 and p?
7
Suppose -3*x = -2*x - 18. Calculate the highest common factor of x and 126.
18
Suppose -4*v + 5*t = -87, 0 = v - t - 1 - 22. Let p be -2 - (-123)/21 - (-3)/21. What is the highest common factor of p and v?
4
Let i be (15/(-30))/(2/(-52)). What is the highest common factor of 143 and i?
13
Suppose d + 91 = 5*z, -3*z + 2*d + 2*d + 58 = 0. Suppose 2*h + 26 + 27 = g, 4*h + 16 = 0. Calculate the greatest common factor of z and g.
9
Suppose -3*m + 560 = -m. Let v(i) = -6*i - 14. Let z be v(-7). What is the highest common divisor of z and m?
28
Let d = 4 + -3. Suppose 0 = 4*t - d - 3. Let b be 13 + 1 + (1 - t). What is the highest common factor of b and 56?
14
Let k(o) = 2*o - 1. Let f be k(8). Calculate the greatest common factor of 75 and f.
15
Let q(u) = -u**2 + 4*u - 1. Let o be q(4). Let c be 13/4 - 15/60. Let m be c/(-3) + o + 11. What is the greatest common factor of 63 and m?
9
Suppose 9*y - 315 = 4*y. Suppose -a - 5 = -4*n, -a + 6*a + 2*n - y = 0. What is the greatest common divisor of a and 99?
11
Let q(m) = -m**2 + 21*m + 2. Let n be q(19). What is the highest common divisor of 360 and n?
40
Let x = -150 + 162. Calculate the greatest common divisor of 36 and x.
12
Let b = -219 - -234. Suppose 5*n + 4*y = 608, 4*n + 5*y = n + 370. What is the highest common factor of n and b?
15
Suppose -3*a = 4*a - 70. Let q = 9 - -16. What is the highest common divisor of q and a?
5
Suppose 2*m - 8 + 44 = 0. Let j be (-58)/m - 6/27. Suppose 0 = f - 3, 2*a + 6*f = j*f + 13. What is the greatest common factor of a and 3?
1
Let s(n) = n**3 - 8*n**2 + 6*n - 18. Let k be s(8). What is the greatest common divisor of 10 and k?
10
Suppose -2*o = -5*g + 17 + 65, 2*g = 5*o + 37. What is the greatest common factor of 32 and g?
16
Let b = 55 - -1. Suppose -5*y + 45 + 95 = 0. Calculate the highest common factor of b and y.
28
Suppose z - 6 = -z. Let t be 2*(7 - (-2 + z)). Calculate the greatest common factor of t and 96.
12
Suppose 289 = 2*d + 2*d - 5*m, -m - 203 = -3*d. What is the highest common factor of d and 6?
6
Let q = 131 - 43. What is the greatest common factor of q and 22?
22
Suppose t - 4*t = -84. Let l be (-9)/6*t/(-3). Suppose -290 = -3*h + s, 2*h + s + 2*s - 208 = 0. Calculate the greatest common divisor of l and h.
14
Suppose -3 = -o + 2*m, -2*m = 4*o - 0*m - 12. Suppose o*r - 38 = -4*y, -3*r + r = -y - 40. Let p be 4/14 + 313/7. What is the highest common divisor of p and r?
9
Let f be (6/18)/((-3)/45). Let c(u) = 6 + 2*u + 4*u**2 + 2*u - 3*u**2. Let x be c(f). Calculate the greatest common factor of x and 11.
11
Let m = 14 + -12. Let v be 30 - (-3 + -2 + m). Calculate the highest common factor of 11 and v.
11
Suppose 8*r - 353 - 223 = 0. What is the greatest common divisor of r and 9?
9
Let g(r) = -1 + 9 + r**3 - 24*r + 18*r - 6*r**2. Let o be g(7). What is the highest common divisor of 60 and o?
15
Let q = -24 - -44. What is the greatest common factor of q and 4?
4
Let h(t) = 11*t - 3*t - 2 - 1. Let y be h(2). Let f be (13*2)/(2 + 0). What is the greatest common factor of f and y?
13
Suppose -4*v = -5*d + 64, -5*d - 2*v - 2*v = -56. What is the greatest common factor of 20 and d?
4
Suppose 276 = 5*g - 319. Suppose 4*l - g = -5*i, i = 2 - 7. Calculate the highest common factor of 24 and l.
12
Suppose q - 54 = 27. Let l be q - -1 - -2 - 0. Calculate the greatest common divisor of 28 and l.
28
Let t be 13/(-5) + 16/(-40) + 16. Calculate the highest common factor of 13 and t.
13
Suppose -3*m - a + 3*a = -18, 0 = 5*a. What is the highest common factor of m and 66?
6
Suppose 0*s - s = -2. Let y(l) = -l**3 - 7*l**2 - 3*l + 3. Let n be y(-5). Let i be n/(-14) - 10/35. Calculate the greatest common factor of i and s.
2
Suppose 2*m = 450 - 164. Suppose -s - 2*k = -4*k + 2, s = 3*k - 3. Let u be (0 + -1 + s)*-13. What is the highest common divisor of m and u?
13
Suppose 0 = 7*r - 29 - 27. What is the greatest common factor of r and 16?
8
Suppose 2*r + 10 - 32 = 0. Let k = -1 + -1. Let t be ((-36 - k) + 1)*-1. Calculate the greatest common factor of r and t.
11
Let u(l) = -l + 5. Let v be u(-5). Suppose 0 = 5*s + 4*y - 160, s + v - 41 = -y. Calculate the greatest common factor of s and 24.
12
Suppose 6*t - 14